 the ten thousands digit of 180844250?
4
What is the tens digit of 442831975?
7
What is the ten thousands digit of 3773478?
7
What is the millions digit of 5348833875?
8
What is the millions digit of 12599012?
2
What is the ten millions digit of 24035225?
2
What is the units digit of 380722789?
9
What is the billions digit of 5096503159?
5
What is the hundred thousands digit of 162236677?
2
What is the ten thousands digit of 87806336?
0
What is the ten millions digit of 2708063698?
0
What is the hundred millions digit of 230298761?
2
What is the ten thousands digit of 202511970?
1
What is the ten millions digit of 231061593?
3
What is the ten thousands digit of 1959748097?
4
What is the ten millions digit of 630848841?
3
What is the hundreds digit of 567835251?
2
What is the ten thousands digit of 102518677?
1
What is the thousands digit of 2407834?
7
What is the units digit of 259516722?
2
What is the ten millions digit of 73105804?
7
What is the hundreds digit of 706100123?
1
What is the ten thousands digit of 83186636?
8
What is the hundred millions digit of 182695984?
1
What is the ten millions digit of 846467801?
4
What is the ten millions digit of 196436889?
9
What is the thousands digit of 2277477165?
7
What is the ten thousands digit of 2321034476?
3
What is the ten millions digit of 53579898?
5
What is the ten thousands digit of 10055086?
5
What is the units digit of 1259845433?
3
What is the hundred thousands digit of 1061265031?
2
What is the tens digit of 885442333?
3
What is the hundreds digit of 253933469?
4
What is the ten thousands digit of 352031673?
3
What is the ten thousands digit of 2629473713?
7
What is the millions digit of 43155238?
3
What is the hundreds digit of 981955405?
4
What is the ten millions digit of 2522296846?
2
What is the hundred thousands digit of 218970295?
9
What is the units digit of 1543540059?
9
What is the millions digit of 14177310?
4
What is the ten thousands digit of 25335692?
3
What is the ten thousands digit of 320608112?
0
What is the ten millions digit of 76336896?
7
What is the thousands digit of 305711154?
1
What is the hundreds digit of 759344935?
9
What is the millions digit of 3474198109?
4
What is the thousands digit of 5779285864?
5
What is the ten millions digit of 1964489257?
6
What is the tens digit of 1019527783?
8
What is the millions digit of 167667708?
7
What is the hundreds digit of 192482488?
4
What is the hundreds digit of 743622528?
5
What is the millions digit of 47229315?
7
What is the hundred millions digit of 1834761923?
8
What is the thousands digit of 3571881407?
1
What is the tens digit of 477513308?
0
What is the ten thousands digit of 255181950?
8
What is the units digit of 26335787?
7
What is the thousands digit of 39896577?
6
What is the ten millions digit of 94641755?
9
What is the units digit of 1647414951?
1
What is the ten millions digit of 1371893616?
7
What is the tens digit of 3566513?
1
What is the tens digit of 293697521?
2
What is the tens digit of 534655265?
6
What is the ten millions digit of 726238770?
2
What is the millions digit of 2357853320?
7
What is the hundred millions digit of 874985057?
8
What is the ten thousands digit of 54615381?
1
What is the millions digit of 22542962?
2
What is the tens digit of 250972655?
5
What is the hundreds digit of 52946383?
3
What is the units digit of 842384228?
8
What is the hundred thousands digit of 175281320?
2
What is the thousands digit of 367881799?
1
What is the hundreds digit of 59283266?
2
What is the hundred thousands digit of 136888796?
8
What is the tens digit of 777833473?
7
What is the ten millions digit of 934328675?
3
What is the thousands digit of 57377121?
7
What is the ten millions digit of 4819540858?
1
What is the thousands digit of 118710563?
0
What is the thousands digit of 102112411?
2
What is the thousands digit of 7875567?
5
What is the hundred millions digit of 244327247?
2
What is the hundreds digit of 349575215?
2
What is the units digit of 90297005?
5
What is the ten millions digit of 301185908?
0
What is the units digit of 146072485?
5
What is the tens digit of 50466847?
4
What is the hundreds digit of 113461526?
5
What is the hundred thousands digit of 3426150850?
1
What is the tens digit of 27006611?
1
What is the ten millions digit of 103984990?
0
What is the thousands digit of 37747881?
7
What is the millions digit of 2324171964?
4
What is the millions digit of 232569628?
2
What is the ten thousands digit of 6316792?
1
What is the thousands digit of 3636891?
6
What is the billions digit of 1040611156?
1
What is the millions digit of 175203752?
5
What is the hundreds digit of 578548266?
2
What is the ten thousands digit of 421235253?
3
What is the ten thousands digit of 33579813?
7
What is the ten millions digit of 3627854076?
2
What is the hundreds digit of 333929391?
3
What is the tens digit of 390915002?
0
What is the hundred millions digit of 243509203?
2
What is the thousands digit of 2104671420?
1
What is the ten thousands digit of 19463117?
6
What is the units digit of 93667107?
7
What is the thousands digit of 113933216?
3
What is the millions digit of 2116482436?
6
What is the millions digit of 474382238?
4
What is the hundred millions digit of 299463528?
2
What is the ten thousands digit of 593631035?
3
What is the thousands digit of 26443440?
3
What is the tens digit of 3546380904?
0
What is the hundred millions digit of 806983441?
8
What is the hundred millions digit of 3903537401?
9
What is the ten millions digit of 69938030?
6
What is the hundred millions digit of 3553657558?
5
What is the thousands digit of 334677396?
7
What is the tens digit of 1250843046?
4
What is the hundred thousands digit of 264950218?
9
What is the hundred millions digit of 601174154?
6
What is the millions digit of 270264438?
0
What is the hundreds digit of 204895970?
9
What is the hundred thousands digit of 203406529?
4
What is the hundred millions digit of 264604511?
2
What is the hundred millions digit of 2324322237?
3
What is the millions digit of 3421063265?
1
What is the units digit of 15817670?
0
What is the tens digit of 34468071?
7
What is the hundred thousands digit of 150209847?
2
What is the hundred thousands digit of 392695708?
6
What is the hundred thousands digit of 299909101?
9
What is the hundreds digit of 59339884?
8
What is the hundred thousands digit of 244450522?
4
What is the ten thousands digit of 68086782?
8
What is the units digit of 401344027?
7
What is the hundreds digit of 4006348051?
0
What is the ten thousands digit of 338449951?
4
What is the ten thousands digit of 170216611?
1
What is the ten millions digit of 5449741631?
4
What is the hundred thousands digit of 2091787946?
7
What is the hundreds digit of 14603278?
2
What is the ten thousands digit of 160581218?
8
What is the hundreds digit of 3698754968?
9
What is the hundred thousands digit of 3835594?
8
What is the units digit of 2835515118?
8
What is the ten millions digit of 1198636624?
9
What is the hundreds digit of 82100480?
4
What is the thousands digit of 127058045?
8
What is the ten millions digit of 96657689?
9
What is the ten thousands digit of 4490908589?
0
What is the hundred thousands digit of 932590376?
5
What is the hundreds digit of 794198652?
6
What is the millions digit of 2850295024?
0
What is the ten thousands digit of 1921008590?
0
What is the thousands digit of 121151794?
1
What is the tens digit of 141852015?
1
What is the hundreds digit of 421761242?
2
What is the tens digit of 1603130441?
4
What is the tens digit of 39933758?
5
What is the hundred thousands digit of 6152877612?
8
What is the ten millions digit of 198177100?
9
What is the hundred thousands digit of 270373896?
3
What is the ten thousands digit of 616033597?
3
What is the ten thousands digit of 121165595?
6
What is the tens digit of 441895353?
5
What is the millions digit of 408313958?
8
What is the ten millions digit of 51410578?
5
What is the ten thousands digit of 1788147435?
4
What is the millions digit of 2540472586?
0
What is the thousands digit of 564336115?
6
What is the units digit of 657929787?
7
What is the tens digit of 2257417094?
9
What is the units digit of 1186397077?
7
What is the units digit o